 4*j - 47. Let r be u(12). Let y(s) = -18*s**2 - 2*s + 1. Calculate y(r).
-19
Suppose 0*p + 5*p + o - 14 = 0, -3*p - 3*o = -6. Let t(m) = -m**p - 10*m**2 - 4*m + 11*m**2 + 1 - 5*m**2. Give t(-3).
4
Let r = -57 - -62. Let k(h) = h**3 - 4*h**2 - 2*h + 5. Give k(r).
20
Let h(a) = 13*a**2 - 35*a**2 + 4*a**3 - 2*a**3 - 39*a - 3*a**3 + 18. Give h(-20).
-2
Suppose 0 = m + m. Suppose -3*h - 2*z + 9 = 0, m*h + z + 28 = 5*h. Suppose -n + 3*n = h*r - 30, -r = 2*n + 6. Let k(l) = -2*l**2 + 5*l + 4. Determine k(r).
-8
Let d(i) be the first derivative of 2*i**3/3 - 12*i**2 + 20*i + 258. Determine d(11).
-2
Let r(l) = 1 + 10*l - 41*l + 31*l + 4*l**2. Give r(2).
17
Let d = 387 + -388. Let m(p) = 5*p**3 - 2*p**2 + 1. Give m(d).
-6
Let p(r) be the first derivative of -r**2/2 + 9*r - 7. Let i be p(12). Let c(b) = -2*b**2 - 3*b. What is c(i)?
-9
Suppose -h - 4 + 6 = 0. Let q = h + 3. Suppose -q*x = -0*x. Let v(w) = -w**3 - w**2 + w + 5. Give v(x).
5
Let z(q) be the first derivative of q**3/3 - q**2/2 + 3*q - 142. Give z(5).
23
Let b = -5 - -10. Let f(q) = -b - 2*q - 2*q + q**2 - q. Let o(x) = x**2 + x - 6. Let g be o(-4). Determine f(g).
1
Suppose -5*k + k + 3*x = 48, 2*k = -x - 14. Let q be 10/4 + k/(-18). Suppose 3*i - 4*s + q = 0, -6*i + s = -i + 5. Let m(r) = -12*r. Calculate m(i).
12
Let v(w) be the second derivative of w**5/120 + 5*w**4/12 + 4*w**3/3 - 2*w. Let f(i) be the second derivative of v(i). Determine f(-7).
3
Let x be 12/30*(4*-10)/4. Let s(n) = 2*n + 7. Give s(x).
-1
Let g(o) = -16 - o**3 - 16 + 2*o**3 + 28 - 3*o. What is g(-3)?
-22
Suppose -3*x = -3*i - 0*i, -3*i + 4 = -x. Suppose -x*u = 2*u. Let d be -2 - u/1 - -1. Let h(b) = -7*b. What is h(d)?
7
Let o be (15/(-50))/(12/20*-6). Let s(y) be the second derivative of 0 - 2*y + o*y**4 - y**2 + 0*y**3. Calculate s(2).
2
Let s(u) = -1 - 2*u**3 + u**3 + 7*u**3 + u**3. Suppose 3*m + z = -2*z, -2*z = -3*m + 5. Determine s(m).
6
Let f be 3/((8/(-12))/2). Let c be 2 + (f/(-2) - 9/6). Let g(a) = -a + 8. What is g(c)?
3
Suppose -4*b - 6 = -30. Let r(j) be the first derivative of 7*j - 3/2*j**2 - 1/4*j**4 + 2*j**3 - 1. Determine r(b).
-11
Let w(d) = 4*d + 2. Let m be (-1)/(1270/(-160) - -8). Give w(m).
-62
Suppose -4*f - 2*l + 24 = 0, 0 = -f + 5*l + 30 - 35. Let d(v) = v - 13. Give d(f).
-8
Let w(i) be the first derivative of -8*i**2 - 4043. Let q be (1 - 1) + (-1 - 0). What is w(q)?
16
Let g(x) = x**2 - 8*x - 2. Let v(h) = 6*h - 55. Let c be v(10). Determine g(c).
-17
Let g(q) = -5*q + 8. Let h(z) = 16*z - 342. Let y be h(21). Calculate g(y).
38
Suppose -3*r = -r - 32. Let n(w) = -14*w + 29*w + 2 - r*w. Determine n(4).
-2
Let h(y) be the third derivative of 0*y + y**2 - 1/24*y**4 + 0 + 2/3*y**3. Let u(d) = d - 2. Let w be u(4). What is h(w)?
2
Let y(h) = -h**2 - 4*h + 4. Let p(j) = -24*j + 111. Let a(z) = -6*z + 28. Let l(c) = 9*a(c) - 2*p(c). Let u be l(6). Determine y(u).
-8
Suppose -3*o + 12 = 0, -7*m - 12 = -3*m - 3*o. Let f(g) = -g**3 - g**2 + g + 8. What is f(m)?
8
Let m = 0 - 0. Suppose 3*k = 5*s + 7, 0 = 5*k - 3*k - s - 14. Let h(j) = 8*j + 23 - k*j - 13. Give h(m).
10
Let f(c) = -4*c + 2. Let d(s) = -7*s + 3. Let w(j) = -3*d(j) + 5*f(j). Give w(0).
1
Let h(c) = -6*c + 50. Suppose 0 = -129*z + 132*z + o - 24, 5*z + o = 40. Calculate h(z).
2
Suppose 0 = -3*r - 5*d + 32 + 20, -5*d + 43 = 2*r. Let n(u) = -r*u - 1 + 4*u + 4*u - 1. What is n(3)?
-5
Let u(d) = -19*d**2 + 55 - 32*d + d**3 + 12*d - 22 + 18*d. Calculate u(19).
-5
Let u(t) = -871 + 1739 + 3*t - 876. What is u(7)?
13
Let r(q) be the second derivative of q**3/6 + 3*q**2/2 + q. Let z(v) = -20*v - 2. Let k be z(1). Let f = k - -17. Give r(f).
-2
Let h(t) be the third derivative of t**4/12 + t**3/6 + t**2. Suppose -36 = s + 3*z, 180 = -5*s + 6*z - z. Let p = s - -42. Calculate h(p).
13
Let v(m) = -3*m**3 - 9*m**2 - 4*m + 6. Let s(c) = 4*c**3 + 10*c**2 + 5*c - 7. Let p(o) = 2*s(o) + 3*v(o). Let y be (-72)/10 - (-31)/155. Determine p(y).
18
Let j(h) be the first derivative of -h**2/2 + h - 24. What is j(1)?
0
Let c(k) = 0*k**2 - 10 - k**2 - 1032*k + 1045*k. Calculate c(12).
2
Suppose 0 = 28*i + 1406 - 1518. Let r(g) = -g**2 + 3*g - 2. What is r(i)?
-6
Let w be 3 + 2 + 12/(-4). Let g(m) = -9 + 9*m + 5*m**2 - m**3 - m**2 + m**w. Suppose 5*f - 7 = 23. What is g(f)?
9
Let s(d) be the first derivative of d**3/3 - 9*d**2/2 + 4*d + 200. Let a be (-616)/(-63) + (-4)/(-18). Give s(a).
14
Let s(c) = c**3 + 2*c**2 - 3*c + 4. Let t(g) = -g**2 - g - 3. Suppose 3*f = 4*r + f - 2, -f = 1. Let l be t(r). What is s(l)?
4
Let t(g) be the second derivative of -g**3/2 + 6*g**2 - 22*g. Determine t(3).
3
Let u(l) = -3*l - 6. Let p = 29 - 29. Let o be 3 + -4 - (3 + p). What is u(o)?
6
Suppose -3*b = s - 355, -4*s = 2*b + 2*b - 1444. Let r(j) = s - 364 + 11*j. Calculate r(-1).
-11
Let n(q) = -q**2 + 7*q - 7. Let p(r) = 3*r**2 + 8*r - 16. Let x be p(3). Suppose -15*d + x = -8*d. Determine n(d).
3
Let m(i) = -i**3 + 5*i**2 - 3*i - 5. Suppose 3*f = 2*f, -12 = -3*u - 3*f. Calculate m(u).
-1
Let z(g) = 4 - 5*g**2 + g**3 - g**2 - 24*g + 27*g. Let i(v) = -v**2 + 19*v - 29. Let a be i(2). Calculate z(a).
-6
Let m(r) = -7*r**2 + 2*r - 1. Suppose 5*g + 15 = 10. Let f(q) = q**2. Let v(t) = g*m(t) - 2*f(t). Suppose 0 = -4*z + 3 + 1. Calculate v(z).
4
Let j(n) be the third derivative of n**5/30 + 5*n**4/24 - n**3/2 + 2*n**2. Let o(s) = -3*s**2 - 9*s + 6. Let p(w) = -5*j(w) - 3*o(w). Calculate p(2).
-3
Let k(f) = 8*f + 36. Let y be k(-4). Let h(g) = -g + 1. Give h(y).
-3
Let r(g) = g**3 - 2*g**2 - 3*g + 7. Let s(x) = 3*x**2 - 33*x. Let a be s(11). Calculate r(a).
7
Let a = -1 + -3. Let g(m) = m**2 + m + 5. Let j(k) = k**2 + 6. Suppose 5*y - 1 - 9 = -3*n, 0 = n - 2*y - 7. Let i(p) = n*g(p) - 4*j(p). Give i(a).
-3
Let l(g) = -g**2 + 3*g - 1. Let v = 22 - 22. Suppose 3*p - 3 - 3 = v. Give l(p).
1
Let n be (-1)/(-9 + 6 + -1 - -5). Let x(c) = 5*c**2 - 1 + 2 - 3*c**2. Give x(n).
3
Let r(m) = -m - 10. Let d be r(-10). Let q be 20/8*(-12)/(-10). Suppose f + 0*f - q = d. Let k(b) = 3*b - 2. Determine k(f).
7
Let y(n) be the second derivative of n**3/6 - n. Let v be ((-6)/(-42)*0)/(2/1). Give y(v).
0
Let y(v) be the second derivative of -v**4/12 + 5*v**2 + 70*v. Calculate y(0).
10
Let c be -5 + 1 + (-4)/(-2). Let u(n) = n**2 + n + 2. Give u(c).
4
Let p(d) = -2491 + 1242 + 7*d + 4*d**2 - d**3 + 1244. Let b = -3 - -3. Let z = b + 5. Give p(z).
5
Let o(n) = -n + 8. Suppose 2*k + 2*l = 90, 2*k + 225 = 7*k - 4*l. Let a = k + -11. Suppose 39*h = a*h. Give o(h).
8
Suppose 0 = -r + 19 + 1. Suppose 0 = -21*x + r*x. Let n(w) = w + 8. Give n(x).
8
Let k(r) be the second derivative of -r**4/6 - r**3/6 + r**2 - 188*r - 2. What is k(2)?
-8
Suppose 24 = 57*w - 51*w. Let f(m) = 5*m + 5. Let r(j) = -9*j - 10. Let b(x) = 7*f(x) + 4*r(x). Calculate b(w).
-9
Let z(x) = x**2 - x - 18. Let j = 31 - 33. Let m be 0/(j + 3)*8/(-16). Determine z(m).
-18
Let l = 12 + 0. Let c be (l/9)/4*-3. Let f(s) be the first derivative of -9*s**4/4 - 2*s**3/3 - s**2 - s + 4. Give f(c).
8
Let d(k) = k**2 - 8*k + 22. Let h be d(3). Let v be (h/1)/((-6)/12). Let a(j) = -j**2 - 14*j - 6. What is a(v)?
-6
Let a(h) be the first derivative of h**4/4 + 2*h**3/3 + h**2 - 2*h + 1. Let i be (-222)/24 - 9/12. Let f be 3 + (-6)/((-12)/i). Calculate a(f).
-6
Suppose 9*v - 40 = -v. Let h(s) = s - 8. Let t be h(v). Let r(q) = -q**3 - 3*q**2 - 2. Determine r(t).
14
Let v = -113 - -217. Let q = -108 + v. Let o(g) = 3*g + 6. What is o(q)?
-6
Let f(u) = -4*u**3 - 17*u**2 + 14*u + 7. Let w(k) = -3*k**3 - 11*k**2 + 9*k + 4. Let c(j) = -5*f(j) + 7*w(j). Calculate c(7).
-7
Let l(h) = -h**3 + 6*h**2 + 5*h + 9. Let v(i) = i**3 + 12*i**2 - 2. Let m be v(-12). Let f(p) = -p**3 + p**2 + 4*p + 3. Let w be f(m). Determine l(w).
-5
Let t(h) = h**2 - h - 1. Let p(f) = -6 - 2*f**2 - 2 + 12*f - 5 - 8*f. Let i(s) = -p(s) - 3*t(s). What is i(0)?
16
Let m be 5 - (4 - (6 - 2)). Suppose m*a - 15*a + 10 = 0. Let q(o) = -3*o + 1. Calculate q(a).
-2
Suppose 0*d = 4*d + 88. Let c be (-2)/3*33/d. Let o(q) = -14*q**3 + 2*q**2 - 1. What is o(c)?
-13
Let p = -605 + 1817/3. Let h(z) be the first derivative of -p*z**3 + z + 0*z**2 - 6. Calculate h(1).
-1
Let v(h) = -3*h - 11*h + 8*h + 7 + h**2. Let u(g) = -5*g**3 + 1. Let d be u(-1). What is v(d)?
7
Let m(z) = 2*z**2 + 12*z + 3. 